{"id":3914,"date":"2025-04-28T21:36:05","date_gmt":"2025-04-28T21:36:05","guid":{"rendered":"https:\/\/dsalud.app\/cupones\/?post_type=product&#038;p=3914"},"modified":"2025-04-28T21:36:06","modified_gmt":"2025-04-28T21:36:06","slug":"dra-delia-maria-medina-torres","status":"publish","type":"product","link":"https:\/\/dsalud.app\/cupones\/producto\/dra-delia-maria-medina-torres\/","title":{"rendered":"DRA. DELIA MAR\u00cdA MEDINA TORRES"},"content":{"rendered":"<p><strong>GRACIAS POR PARTICIPAR EN EL PROGRAMA DE DSALUD CON CAUSA<\/strong><br \/>\nPOR FAVOR SIGA BIEN LOS <strong>8 PASOS<\/strong> PARA PODER OBTENER LA CONSULTA GRATUITA CON EL ESPECIALISTA QUE SELECCION\u00d3.<\/p>\n<p><strong>1.-<\/strong> <strong>OBTENER<\/strong> CUP\u00d3N<br \/>\n<strong>2.-<\/strong> <strong>CONFIRMAR<\/strong> CUP\u00d3N<br \/>\n<strong>3.- REGISTRAR<\/strong> SUS DATOS CUP\u00d3N<br \/>\n<strong>4.- SOLICITAR<\/strong> CUP\u00d3N<br \/>\n<strong>5.- DESCARGAR<\/strong> CUP\u00d3N (DAR CLICK EN EL NOMBRE DEL ESPECIALISTA DE LA BARRA AZUL, CHECAR EN SUS DESCARGAS O ARCHIVOS EL CUP\u00d3N CON EL C\u00d3DIGO) O EN SU MAIL DE CONFIRMACI\u00d3N DESCARGARLO<strong><br \/>\n6.-<\/strong> <strong>CONTACTAR AL ESPECIALISTA<\/strong> QUE SELECCION\u00d3, DAR EL C\u00d3DIGO DE CONFIRMACI\u00d3N Y MENCIONAR EL PROGRAMA DE DSALUD CON CAUSA<br \/>\n<strong>7.-<\/strong> <strong>AGENDAR SU CITA<\/strong><br \/>\n<strong>8.-<\/strong> <strong>PRESENTARSE A SU CITA<\/strong> Y ENSE\u00d1AR LA IMAGEN CON EL C\u00d3DIGO A SU ESPECIALISTA PARA HACER V\u00c1LIDA LA CONSULTA GRATUITA<\/p>\n<p>RECUERDE <strong>LA CONSULTA GRATUITA ES PARA LA PERSONA QUE REGISTR\u00d3 EN LA APP DSALUD,<\/strong> EN EL FORMULARIO DEL PROGRAMA DSALUD CON CAUSA, NO ES TRANSFERIBLE, NO TIENE COSTO, Y NO SE PUEDE LUCRAR CON LA CONSULTA GRATUITA.<\/p>\n<p>Recuerde \u201cUSUARIO\u201d de la aplicaci\u00f3n DSALUD, debe presentar al ESPECIALISTA LA IMAGEN CON EL C\u00d3DIGO.<br \/>\nque DESCARGA cuando solicita la consulta GRATUITA en el Espacio de DSALUD CON CAUSA en la App y debe AGENDAR SU CITA con anticipaci\u00f3n.<br \/>\nLa Cita ser\u00e1 a disponibilidad de la Agenda del ESPECIALISTA.<br \/>\nEl USUARIO al presentar la Imagen con el C\u00f3digo y el Mail de Confirmaci\u00f3n solicitado por el especialista* est\u00e1 cubriendo los HONORARIOS M\u00c9DICOS, SERVICIOS E INSUMOS que se GENEREN en la CONSULTA.<br \/>\n(Los Procedimientos quir\u00fargicos y materiales <strong>NO EST\u00c1N INCLUIDOS)<\/strong>.<br \/>\n<strong>*EL USUARIO NO PODR\u00c1 EXIGIR NING\u00daN COMPROBANTE FISCAL O RECIBO DE HONORARIOS AL ESPECIALISTA, YA QUE EL PROGRAMA DE DSALUD CON CAUSA ES SIN FINES DE LUCRO<\/strong><\/p>\n","protected":false},"excerpt":{"rendered":"<p>GRACIAS POR PARTICIPAR EN EL PROGRAMA DE DSALUD CON CAUSA POR FAVOR SIGA BIEN LOS 8 PASOS PARA PODER OBTENER LA CONSULTA GRATUITA CON EL ESPECIALISTA QUE SELECCION\u00d3. 1.- OBTENER CUP\u00d3N 2.- CONFIRMAR CUP\u00d3N 3.- REGISTRAR SUS DATOS CUP\u00d3N 4.- SOLICITAR CUP\u00d3N 5.- DESCARGAR CUP\u00d3N (DAR CLICK EN EL NOMBRE DEL ESPECIALISTA DE LA BARRA &hellip;<\/p>\n<p class=\"read-more\"> <a class=\"\" href=\"https:\/\/dsalud.app\/cupones\/producto\/dra-delia-maria-medina-torres\/\"> <span class=\"screen-reader-text\">DRA. DELIA MAR\u00cdA MEDINA TORRES<\/span> Leer m\u00e1s &raquo;<\/a><\/p>\n","protected":false},"featured_media":3908,"comment_status":"open","ping_status":"closed","template":"","meta":{"site-sidebar-layout":"default","site-content-layout":"default","ast-main-header-display":"","ast-hfb-above-header-display":"","ast-hfb-below-header-display":"","ast-hfb-mobile-header-display":"","site-post-title":"","ast-breadcrumbs-content":"","ast-featured-img":"","footer-sml-layout":"","theme-transparent-header-meta":"","adv-header-id-meta":"","stick-header-meta":"","header-above-stick-meta":"","header-main-stick-meta":"","header-below-stick-meta":""},"product_brand":[],"product_cat":[74],"product_tag":[],"class_list":{"0":"post-3914","1":"product","2":"type-product","3":"status-publish","4":"has-post-thumbnail","6":"product_cat-ultrasonido-diagnostico","8":"first","9":"instock","10":"downloadable","11":"virtual","12":"sold-individually","13":"product-type-simple"},"_links":{"self":[{"href":"https:\/\/dsalud.app\/cupones\/wp-json\/wp\/v2\/product\/3914","targetHints":{"allow":["GET"]}}],"collection":[{"href":"https:\/\/dsalud.app\/cupones\/wp-json\/wp\/v2\/product"}],"about":[{"href":"https:\/\/dsalud.app\/cupones\/wp-json\/wp\/v2\/types\/product"}],"replies":[{"embeddable":true,"href":"https:\/\/dsalud.app\/cupones\/wp-json\/wp\/v2\/comments?post=3914"}],"version-history":[{"count":1,"href":"https:\/\/dsalud.app\/cupones\/wp-json\/wp\/v2\/product\/3914\/revisions"}],"predecessor-version":[{"id":3915,"href":"https:\/\/dsalud.app\/cupones\/wp-json\/wp\/v2\/product\/3914\/revisions\/3915"}],"wp:featuredmedia":[{"embeddable":true,"href":"https:\/\/dsalud.app\/cupones\/wp-json\/wp\/v2\/media\/3908"}],"wp:attachment":[{"href":"https:\/\/dsalud.app\/cupones\/wp-json\/wp\/v2\/media?parent=3914"}],"wp:term":[{"taxonomy":"product_brand","embeddable":true,"href":"https:\/\/dsalud.app\/cupones\/wp-json\/wp\/v2\/product_brand?post=3914"},{"taxonomy":"product_cat","embeddable":true,"href":"https:\/\/dsalud.app\/cupones\/wp-json\/wp\/v2\/product_cat?post=3914"},{"taxonomy":"product_tag","embeddable":true,"href":"https:\/\/dsalud.app\/cupones\/wp-json\/wp\/v2\/product_tag?post=3914"}],"curies":[{"name":"wp","href":"https:\/\/api.w.org\/{rel}","templated":true}]}}