{"id":3164,"date":"2022-11-17T19:20:30","date_gmt":"2022-11-17T19:20:30","guid":{"rendered":"https:\/\/dsalud.app\/cupones\/?post_type=product&#038;p=3164"},"modified":"2023-04-13T03:39:41","modified_gmt":"2023-04-13T03:39:41","slug":"cdeo-homero-e-hernandez-martinez","status":"publish","type":"product","link":"https:\/\/dsalud.app\/cupones\/producto\/cdeo-homero-e-hernandez-martinez\/","title":{"rendered":"CDEO. HOMERO E. HERN\u00c1NDEZ MART\u00cdNEZ"},"content":{"rendered":"<p><span style=\"color: #000000;\"><strong>GRACIAS POR PARTICIPAR EN EL PROGRAMA DE DSALUD CON CAUSA<\/strong><\/span><br \/>\n<span style=\"color: #000000;\">POR FAVOR SIGA BIEN LOS PASOS PARA PODER OBTENER LA CONSULTA GRATUITA CON EL ESPECIALISTA QUE SELECCIONO.<\/span><\/p>\n<p><span style=\"color: #000000;\"><strong>1.-<\/strong> REGISTRE SUS DATOS<\/span><br \/>\n<span style=\"color: #000000;\"><strong>2.-<\/strong> DESCARGAR Y ESPERAR EL MAIL DE CONFIRMACI\u00d3N CON LA IMAGEN Y C\u00d3DIGO.<\/span><br \/>\n<span style=\"color: #000000;\"><strong>3.-<\/strong> CONTACTAR AL ESPECIALISTA QUE SELECCIONO, DAR EL C\u00d3DIGO DE CONFIRMACI\u00d3N Y MENCIONAR EL PROGRAMA DE DSALUD CON CAUSA<\/span><br \/>\n<span style=\"color: #000000;\"><strong>4.-<\/strong> AGENDAR SU CITA<\/span><br \/>\n<span style=\"color: #000000;\"><strong>5.-<\/strong> PRESENTARSE A SU CITA Y ENSE\u00d1AR LA IMAGEN CON EL C\u00d3DIGO A SU ESPECIALISTA PARA HACER V\u00c1LIDA LA CONSULTA GRATUITA<\/span><\/p>\n<p><span style=\"color: #000000;\">RECUERDE LA CONSULTA GRATUITA ES PARA LA PERSONA QUE REGISTRO EN LA APP DSALUD, EN EL FORMULARIO DEL PROGRAMA DSALUD CON CAUSA, NO ES TRANSFERIBLE, NO TIENE COSTO, Y NO SE PUEDE LUCRAR CON LA CONSULTA GRATUITA.<\/span><\/p>\n<hr \/>\n<p><span style=\"color: #000000;\">Recuerde \u201cUSUARIO\u201d de la aplicaci\u00f3n DSALUD, debe presentar al ESPECIALISTA LA IMAGEN CON EL C\u00d3DIGO y MAIL DE CONFIRMACI\u00d3N<\/span><br \/>\n<span style=\"color: #000000;\">que DESCARGA cuando solicita la consulta GRATUITA en el Espacio de DSALUD CON CAUSA en la App y debe AGENDAR SU CITA con anticipaci\u00f3n.<\/span><br \/>\n<span style=\"color: #000000;\">La Cita ser\u00e1 a disponibilidad de la Agenda del ESPECIALISTA.<\/span><br \/>\n<span style=\"color: #000000;\">El USUARIO al presentar la Imagen con el C\u00f3digo y el Mail de Confirmaci\u00f3n solicitado por el especialista* esta cubriendo los HONORARIOS M\u00c9DICOS, SERVICIOS E INSUMOS que se GENEREN en la CONSULTA.<\/span><br \/>\n<span style=\"color: #000000;\">(Los Procedimientos quir\u00fargicos y materiales <strong>NO EST\u00c1N INCLUIDOS)<\/strong>.<\/span><br \/>\n<span style=\"color: #000000;\"><strong>*EL USUARIO NO PODR\u00c1 EXIGIR NING\u00daN COMPROBANTE FISCAL O RECIBO DE HONORARIOS AL ESPECIALISTA, YA QUE EL PROGRAMA DE DSALUD CON CAUSA ES SIN FINES DE LUCRO<\/strong><\/span><\/p>\n","protected":false},"excerpt":{"rendered":"<p>GRACIAS POR PARTICIPAR EN EL PROGRAMA DE DSALUD CON CAUSA POR FAVOR SIGA BIEN LOS PASOS PARA PODER OBTENER LA CONSULTA GRATUITA CON EL ESPECIALISTA QUE SELECCIONO. 1.- REGISTRE SUS DATOS 2.- DESCARGAR Y ESPERAR EL MAIL DE CONFIRMACI\u00d3N CON LA IMAGEN Y C\u00d3DIGO. 3.- CONTACTAR AL ESPECIALISTA QUE SELECCIONO, DAR EL C\u00d3DIGO DE CONFIRMACI\u00d3N &hellip;<\/p>\n<p class=\"read-more\"> <a class=\"\" href=\"https:\/\/dsalud.app\/cupones\/producto\/cdeo-homero-e-hernandez-martinez\/\"> <span class=\"screen-reader-text\">CDEO. HOMERO E. HERN\u00c1NDEZ MART\u00cdNEZ<\/span> Leer m\u00e1s &raquo;<\/a><\/p>\n","protected":false},"featured_media":3158,"comment_status":"open","ping_status":"closed","template":"","meta":{"site-sidebar-layout":"default","site-content-layout":"default","ast-main-header-display":"","ast-hfb-above-header-display":"","ast-hfb-below-header-display":"","ast-hfb-mobile-header-display":"","site-post-title":"","ast-breadcrumbs-content":"","ast-featured-img":"","footer-sml-layout":"","theme-transparent-header-meta":"","adv-header-id-meta":"","stick-header-meta":"","header-above-stick-meta":"","header-main-stick-meta":"","header-below-stick-meta":""},"product_brand":[],"product_cat":[87],"product_tag":[],"class_list":{"0":"post-3164","1":"product","2":"type-product","3":"status-publish","4":"has-post-thumbnail","6":"product_cat-ortodoncia","8":"first","9":"instock","10":"downloadable","11":"virtual","12":"sold-individually","13":"purchasable","14":"product-type-simple"},"_links":{"self":[{"href":"https:\/\/dsalud.app\/cupones\/wp-json\/wp\/v2\/product\/3164","targetHints":{"allow":["GET"]}}],"collection":[{"href":"https:\/\/dsalud.app\/cupones\/wp-json\/wp\/v2\/product"}],"about":[{"href":"https:\/\/dsalud.app\/cupones\/wp-json\/wp\/v2\/types\/product"}],"replies":[{"embeddable":true,"href":"https:\/\/dsalud.app\/cupones\/wp-json\/wp\/v2\/comments?post=3164"}],"version-history":[{"count":2,"href":"https:\/\/dsalud.app\/cupones\/wp-json\/wp\/v2\/product\/3164\/revisions"}],"predecessor-version":[{"id":3261,"href":"https:\/\/dsalud.app\/cupones\/wp-json\/wp\/v2\/product\/3164\/revisions\/3261"}],"wp:featuredmedia":[{"embeddable":true,"href":"https:\/\/dsalud.app\/cupones\/wp-json\/wp\/v2\/media\/3158"}],"wp:attachment":[{"href":"https:\/\/dsalud.app\/cupones\/wp-json\/wp\/v2\/media?parent=3164"}],"wp:term":[{"taxonomy":"product_brand","embeddable":true,"href":"https:\/\/dsalud.app\/cupones\/wp-json\/wp\/v2\/product_brand?post=3164"},{"taxonomy":"product_cat","embeddable":true,"href":"https:\/\/dsalud.app\/cupones\/wp-json\/wp\/v2\/product_cat?post=3164"},{"taxonomy":"product_tag","embeddable":true,"href":"https:\/\/dsalud.app\/cupones\/wp-json\/wp\/v2\/product_tag?post=3164"}],"curies":[{"name":"wp","href":"https:\/\/api.w.org\/{rel}","templated":true}]}}